 - 11. What is the greatest common divisor of p and k?
17
Suppose -q + 3 = r, -q + 6 = 2*r + 4*q. Suppose -4*u = -5*u + 5, 3*d - r*u = -195. Let y = -41 - d. Calculate the highest common divisor of 190 and y.
19
Let i(k) = k + 26. Let t be i(0). Let b = 5700 + -5531. Calculate the greatest common factor of t and b.
13
Suppose -34*c + 11058 = 1200 + 1902. What is the highest common divisor of c and 18?
18
Let b(i) = 3*i + 3. Let l be b(-5). Let n(v) = 65*v**3 - 39*v**3 + 12*v**2 + 3 - 25*v**3. Let f be n(l). Calculate the greatest common divisor of 15 and f.
3
Let g(t) = -4*t + 9. Let s be g(-9). Let x = 5 + -155. Let k = -141 - x. What is the greatest common divisor of s and k?
9
Suppose 2*u - 4*d = 1716, 5*u - d = u + 3467. Let z = 1909 - 1895. What is the highest common factor of u and z?
14
Let m(a) = 88*a - 1382. Let w be m(17). What is the greatest common divisor of w and 66?
6
Let r be 3*-5*8/(-12). Let m = -54 + 96. Let g = m + -32. Calculate the greatest common divisor of g and r.
10
Suppose 5*i = i - 2*p + 10, 3*i = 3*p - 15. Suppose 369*z - 373*z + 252 = i. What is the highest common factor of 63 and z?
63
Let m = -708 + 714. Let l(k) = 5*k**2 + 26*k - 156. Let t be l(m). What is the greatest common factor of 20 and t?
20
Suppose -4 = 3*n - 82. Let t be (10/1 + -1 + -5)*104/4. What is the highest common divisor of t and n?
26
Suppose -3*r - 53 = -k, 3*k - 4*r = -0*k + 179. Let i be (312/k)/(-2*(-3)/45). What is the highest common factor of i and 54?
18
Let q(s) = s**2 - 30*s + 7. Let w be q(30). Let l be (-30)/15 + 5 + -1. Suppose l*f - 3*f = -63. Calculate the highest common factor of f and w.
7
Let f be ((-3442)/(-14) - (-4 - -4)) + 18/126. Calculate the highest common factor of 6 and f.
6
Let d = -835 + 850. Suppose -2*o - 814 = -2*w - 4*o, -4 = -2*o. Calculate the highest common divisor of d and w.
15
Let q(i) = -i**3 - 94*i**2 + 104*i + 859. Let w be q(-95). Let b = 68 + -40. Calculate the highest common divisor of w and b.
4
Let f = 123 - 4. Suppose 0 = -4*x + f + 5. Suppose k - 480 = -5*z + 603, -864 = -4*z - 2*k. What is the greatest common divisor of z and x?
31
Let n(z) = -9 + z + 5 + 9 + 4. Let h be n(-2). Calculate the greatest common divisor of 203 and h.
7
Let g = -29 - -40. Suppose c = -g + 41. Suppose 135 = 2*i - m + 47, 5*m = -5*i + 235. What is the highest common factor of c and i?
15
Suppose 376 = 5*z + 3*a, -293*a + 289*a - 243 = -3*z. What is the greatest common factor of 651 and z?
7
Let z be 26/1*6/(84/35). Suppose 4*v - 675 = -3*l, 7*l - 5*v = 3*l + 869. What is the greatest common factor of l and z?
13
Suppose -5*d = 4*r - 45 - 15, 2*r = 10. Let a be (1*-55)/(9 - d). Let h = -29 - a. Calculate the greatest common factor of h and 13.
13
Suppose 0 = -t + 14 - 2. Suppose 29*f - 563 = 365. What is the highest common divisor of f and t?
4
Suppose 9*u + 3459 - 381 = 0. Let l = 349 + u. What is the highest common factor of l and 35?
7
Suppose 414*v - 105 = 413*v. Calculate the greatest common divisor of 462 and v.
21
Suppose -4*z + 20 = 0, 16*b + 3*z - 4803 = 13*b. Calculate the greatest common divisor of b and 456.
228
Let z = 32 + -4. Let h(j) = -j**2 + 164*j - 2084. Let w be h(14). Calculate the greatest common factor of z and w.
4
Let s(c) = c**3 + 7*c**2 - 12. Let u be s(-2). Suppose 3*g - 182 = 10. Calculate the highest common factor of u and g.
8
Let z = -277 + 491. Suppose -3*g - z = -247. Calculate the highest common divisor of 22 and g.
11
Suppose -3*o + 121 + 38 = 0. Suppose -4*l + j = 37, -j = -4*l + 9*l + o. Let n be 10/3*((-88)/l - 4). Calculate the greatest common factor of 16 and n.
16
Suppose -j + 5*j + 124 = 0. Let l = j - -32. Let v be (l + (-5)/(-5))/((-2)/(-2)). Calculate the highest common divisor of v and 8.
2
Let q(p) = -12*p - 83. Let a be q(21). Let k = a - -367. Calculate the highest common factor of 8 and k.
8
Let g be (-3 - 2/2) + 18 + 6. Calculate the greatest common factor of 152 and g.
4
Let d = -599 - -617. Calculate the highest common factor of d and 1818.
18
Let l(z) = z - 1 + 3 - 2 - 1. Let r be l(-4). Let s be 10/(r/(-3) - 3)*-2. Calculate the highest common factor of s and 30.
15
Suppose -4*l = -73 + 25. Suppose -l = 4*z - 28. Let k = 29 - z. Calculate the highest common divisor of 275 and k.
25
Suppose 56 = 9*d - 7. Suppose q - d = 17. Suppose -340 = -3*n + 4*l, 0 = -2*n - 3*l - l + 260. What is the highest common divisor of n and q?
24
Let n = 389 + -173. Calculate the highest common factor of n and 96.
24
Suppose 0 = -p - 5*r + 62, 4*r + 162 = 3*p + 33. Let z = 99 - p. Let q be (((-2365)/55)/215)/((-3)/585). What is the greatest common factor of q and z?
13
Let u = -7855 + 8579. Calculate the greatest common divisor of u and 16.
4
Let j be 11/2 + ((-22)/(-4))/(-11). Suppose 3*z - 11 = -c + 18, -z = j*c - 5. Let f be 63/5 + (54/z - 6). What is the highest common factor of 36 and f?
12
Suppose 7*o - 18*o = -9*o - 1216. Calculate the highest common divisor of o and 988.
76
Suppose -8*p + 3*p = -6*v - 5202, 0 = 4*p + v - 4150. Calculate the greatest common divisor of p and 18.
6
Let l be (-852)/(-6)*9/(-6). Let m = l - -242. Suppose -3*k + 77 = -3*y - 19, 0 = -2*k - 5*y + 43. Calculate the highest common factor of k and m.
29
Suppose 0 = 20*j + 23 + 17. Let g be (j - 24/(-9))*24. What is the highest common factor of g and 1312?
16
Let r(n) = -102*n - 831. Let y be r(-13). What is the greatest common divisor of y and 220?
55
Suppose -3*v + 160 = -20. Calculate the greatest common divisor of v and 2910.
30
Let i = -7133 + 7179. Let w = -52 - -75. Calculate the highest common divisor of w and i.
23
Let t be 2 + (-26)/10 + (-248)/(-5). Let j = -24 + 25. Suppose -8 = -m - j. Calculate the highest common factor of m and t.
7
Suppose 3*p - 10*p + 4823 = 0. Let l = p - 371. Let x be 1/3 + l/18. Calculate the highest common divisor of 72 and x.
18
Let u = -20 + -17. Let y(g) = g + 55. Let x be y(u). What is the highest common factor of 18 and x?
18
Let o(u) = 17*u**2 + 35*u + 58. Let s be o(-2). What is the greatest common divisor of 152 and s?
8
Let d(b) = -12*b + 33. Let u(f) = -f + 2. Let w(y) = d(y) + 3*u(y). Let c be w(-4). Calculate the highest common factor of 11 and c.
11
Suppose 2*b - 5*b + 147 = 2*v, 0 = -5*b - 3*v + 246. What is the greatest common factor of b and 1088?
17
Let t be -5 + (-51)/(-11) - (-34092)/99. What is the greatest common factor of 903 and t?
43
Suppose 4*l - 24 = 0, h = -15*l + 10*l + 68. Let w be (-4 + (-52)/(-16))*-228. Calculate the greatest common divisor of w and h.
19
Let x be (0/(-8) + 1902)*2/(-6). Let m = 643 + x. What is the greatest common factor of m and 42?
3
Suppose -8*p - 192 = -16*p. Suppose -p = -2*z - 4*b, 2*z + b - 19 = -2*b. Suppose -z*w + 10 = 2. Calculate the greatest common divisor of 6 and w.
2
Let i be (15/2)/((-2)/(-16)). Suppose 3*q - q + 2*m + 32 = 0, -42 = 3*q - 3*m. Let w be 1*4/(-5)*q. Calculate the highest common factor of i and w.
12
Suppose 2*i - 1772 = -3*r - 0*i, -2*r + 3*i + 1164 = 0. What is the highest common factor of 24 and r?
12
Let h(u) = 2*u**2 - 3*u + 324. Let g = 120 - 120. Let v be h(g). What is the highest common factor of 36 and v?
36
Suppose 0 = -3*v - 33 + 123. Suppose -37*t = -33*t - 180. Calculate the highest common divisor of t and v.
15
Suppose 0*k - 2*d + 6328 = 4*k, 0 = -2*k + 3*d + 3164. What is the greatest common divisor of 14 and k?
14
Suppose -180 - 96 = -4*y. Suppose -y*n = -81*n + 4320. Calculate the highest common divisor of 30 and n.
30
Let o be -10 + 30 - 1/2*-2. Let t be ((483/6)/(-7))/(o/(-126)). Calculate the greatest common factor of 23 and t.
23
Let a(f) = f + 8. Let n be a(6). Suppose 32357*q + 20286 = 32420*q. What is the highest common factor of n and q?
14
Let n(o) = -5*o**3 - 3*o**2 - 7*o - 6. Let r be n(-1). Let g be r/4 + (-9625)/(-308). What is the greatest common divisor of 40 and g?
8
Let u be (-162)/8 + (-105)/140. Let w be (7 - 4)/(u/(-1078)). Calculate the greatest common factor of 14 and w.
14
Let c = 6 - -10. Suppose 3*b - c - 8 = 0. Suppose b*s - 19 = -11. What is the greatest common divisor of s and 1?
1
Suppose -2*g - 41 = -3*c, 42 = 2*c - g - 4*g. Let p = -63 - -91. Suppose p - c = k. Calculate the highest common divisor of 153 and k.
17
Suppose -4*p + 24 = -a + 5